vided by 7?
6
What is the remainder when 387 is divided by 65?
62
Calculate the remainder when 2019 is divided by 664.
27
Calculate the remainder when 27 is divided by 22.
5
What is the remainder when 459 is divided by 77?
74
Calculate the remainder when 602 is divided by 153.
143
What is the remainder when 418 is divided by 127?
37
Calculate the remainder when 165 is divided by 138.
27
What is the remainder when 6654 is divided by 18?
12
What is the remainder when 6707 is divided by 78?
77
Calculate the remainder when 7407 is divided by 57.
54
Calculate the remainder when 121 is divided by 59.
3
What is the remainder when 535 is divided by 162?
49
Calculate the remainder when 74 is divided by 27.
20
What is the remainder when 132 is divided by 52?
28
What is the remainder when 38278 is divided by 20?
18
Calculate the remainder when 411 is divided by 38.
31
What is the remainder when 51 is divided by 1?
0
What is the remainder when 2299 is divided by 19?
0
What is the remainder when 26 is divided by 16?
10
What is the remainder when 372 is divided by 118?
18
Calculate the remainder when 247 is divided by 23.
17
Calculate the remainder when 1581 is divided by 225.
6
What is the remainder when 817 is divided by 23?
12
Calculate the remainder when 414 is divided by 154.
106
What is the remainder when 18047 is divided by 48?
47
Calculate the remainder when 141 is divided by 2.
1
What is the remainder when 106 is divided by 60?
46
What is the remainder when 185 is divided by 38?
33
What is the remainder when 153 is divided by 5?
3
Calculate the remainder when 67 is divided by 35.
32
What is the remainder when 508 is divided by 51?
49
What is the remainder when 832 is divided by 269?
25
What is the remainder when 148 is divided by 9?
4
What is the remainder when 101 is divided by 32?
5
What is the remainder when 5897 is divided by 62?
7
Calculate the remainder when 1168 is divided by 62.
52
What is the remainder when 834 is divided by 57?
36
What is the remainder when 89 is divided by 10?
9
What is the remainder when 158 is divided by 81?
77
Calculate the remainder when 28026 is divided by 143.
141
What is the remainder when 536 is divided by 111?
92
What is the remainder when 279 is divided by 76?
51
Calculate the remainder when 548 is divided by 6.
2
What is the remainder when 556 is divided by 47?
39
What is the remainder when 481 is divided by 84?
61
What is the remainder when 53 is divided by 15?
8
Calculate the remainder when 161 is divided by 114.
47
What is the remainder when 802 is divided by 156?
22
Calculate the remainder when 973 is divided by 82.
71
Calculate the remainder when 177 is divided by 29.
3
Calculate the remainder when 1423 is divided by 75.
73
Calculate the remainder when 1194 is divided by 60.
54
What is the remainder when 251 is divided by 43?
36
What is the remainder when 20888 is divided by 9?
8
What is the remainder when 581 is divided by 123?
89
Calculate the remainder when 192 is divided by 40.
32
Calculate the remainder when 50173 is divided by 14.
11
What is the remainder when 40 is divided by 21?
19
What is the remainder when 224 is divided by 53?
12
What is the remainder when 73 is divided by 41?
32
What is the remainder when 43737 is divided by 81?
78
Calculate the remainder when 43 is divided by 25.
18
Calculate the remainder when 1119 is divided by 127.
103
Calculate the remainder when 107 is divided by 12.
11
What is the remainder when 12898 is divided by 50?
48
Calculate the remainder when 343 is divided by 115.
113
Calculate the remainder when 274 is divided by 40.
34
Calculate the remainder when 4029 is divided by 65.
64
What is the remainder when 531 is divided by 23?
2
What is the remainder when 58 is divided by 13?
6
Calculate the remainder when 157 is divided by 7.
3
Calculate the remainder when 34 is divided by 34.
0
Calculate the remainder when 788 is divided by 61.
56
What is the remainder when 293 is divided by 15?
8
What is the remainder when 167 is divided by 5?
2
What is the remainder when 424 is divided by 85?
84
Calculate the remainder when 2227 is divided by 72.
67
What is the remainder when 9 is divided by 5?
4
Calculate the remainder when 507 is divided by 190.
127
Calculate the remainder when 2153 is divided by 52.
21
Calculate the remainder when 72 is divided by 25.
22
Calculate the remainder when 17891 is divided by 12.
11
Calculate the remainder when 479 is divided by 13.
11
What is the remainder when 543 is divided by 14?
11
Calculate the remainder when 453 is divided by 13.
11
What is the remainder when 2098 is divided by 7?
5
What is the remainder when 139 is divided by 133?
6
What is the remainder when 237 is divided by 189?
48
What is the remainder when 1537 is divided by 195?
172
What is the remainder when 893 is divided by 13?
9
What is the remainder when 830 is divided by 29?
18
Calculate the remainder when 174 is divided by 18.
12
Calculate the remainder when 4801 is divided by 155.
151
Calculate the remainder when 730 is divided by 76.
46
What is the remainder when 142 is divided by 2?
0
What is the remainder when 374 is divided by 6?
2
Calculate the remainder when 88 is divided by 77.
11
What is the remainder when 56 is divided by 32?
24
What is the remainder when 267 is divided by 68?
63
What is the remainder when 554 is divided by 70?
64
What is the remainder when 258 is divided by 18?
6
Calculate the remainder when 620 is divided by 200.
20
Calculate the remainder when 93 is divided by 3.
0
Calculate the remainder when 526 is divided by 19.
13
Calculate the remainder when 132 is divided by 5.
2
Calculate the remainder when 17063 is divided by 371.
368
What is the remainder when 169 is divided by 44?
37
What is the remainder when 182 is divided by 69?
44
What is the remainder when 788 is divided by 90?
68
Calculate the remainder when 757 is divided by 377.
3
Calculate the remainder when 36 is divided by 9.
0
Calculate the remainder when 8277 is divided by 45.
42
Calculate the remainder when 1856 is divided by 31.
27
Calculate the remainder when 3245 is divided by 13.
8
What is the remainder when 301 is divided by 150?
1
Calculate the remainder when 186 is divided by 11.
10
What is the remainder when 1046 is divided by 131?
129
Calculate the remainder when 389 is divided by 388.
1
What is the remainder when 109 is divided by 31?
16
What is the remainder when 444 is divided by 32?
28
What is the remainder when 921 is divided by 22?
19
Calculate the remainder when 220 is divided by 37.
35
What is the remainder when 712 is divided by 123?
97
What is the remainder when 8826 is divided by 81?
78
What is the remainder when 138 is divided by 26?
8
Calculate the remainder when 820 is divided by 101.
12
What is the remainder when 99 is divided by 29?
12
What is the remainder when 552 is divided by 107?
17
Calculate the remainder when 156 is divided by 135.
21
Calculate the remainder when 79 is divided by 41.
38
Calculate the remainder when 1314 is divided by 1301.
13
What is the remainder when 374 is divided by 21?
17
Calculate the remainder when 340 is divided by 116.
108
Calculate the remainder when 293 is divided by 88.
29
Calculate the remainder when 122 is divided by 3.
2
Calculate the remainder when 5649 is divided by 36.
33
Calculate the remainder when 545 is divided by 179.
8
What is the remainder when 403 is divided by 11?
7
Calculate the remainder when 14 is divided by 13.
1
Calculate the remainder when 1521 is divided by 60.
21
Calculate the remainder when 694 is divided by 12.
10
Calculate the remainder when 2412 is divided by 105.
102
What is the remainder when 2651 is divided by 111?
98
Calculate the remainder when 144 is divided by 46.
6
Calculate the remainder when 14277 is divided by 56.
53
What is the remainder when 121 is divided by 64?
57
What is the remainder when 382 is divided by 48?
46
Calculate the remainder when 719 is divided by 22.
15
What is the remainder when 8 is divided by 2?
0
Calculate the remainder when 457 is divided by 7.
2
What is the remainder when 1645 is divided by 27?
25
Calculate the remainder when 322 is divided by 36.
34
What is the remainder when 896 is divided by 446?
4
Calculate the remainder when 223 is divided by 63.
34
What is th